56
What is the remainder when 72 is divided by 38?
34
What is the remainder when 14735 is divided by 24?
23
Calculate the remainder when 29 is divided by 11.
7
What is the remainder when 6254 is divided by 92?
90
What is the remainder when 1049 is divided by 42?
41
Calculate the remainder when 312 is divided by 70.
32
What is the remainder when 349 is divided by 168?
13
What is the remainder when 474 is divided by 3?
0
What is the remainder when 1516 is divided by 22?
20
Calculate the remainder when 211 is divided by 60.
31
Calculate the remainder when 201 is divided by 120.
81
What is the remainder when 730 is divided by 265?
200
Calculate the remainder when 100 is divided by 19.
5
What is the remainder when 496 is divided by 107?
68
What is the remainder when 81 is divided by 24?
9
Calculate the remainder when 130 is divided by 91.
39
What is the remainder when 64 is divided by 33?
31
What is the remainder when 2141 is divided by 126?
125
What is the remainder when 39453 is divided by 24?
21
Calculate the remainder when 506 is divided by 56.
2
Calculate the remainder when 1163 is divided by 272.
75
Calculate the remainder when 647 is divided by 21.
17
Calculate the remainder when 16314 is divided by 4.
2
Calculate the remainder when 192 is divided by 20.
12
Calculate the remainder when 67 is divided by 1.
0
What is the remainder when 2173 is divided by 128?
125
What is the remainder when 545 is divided by 139?
128
What is the remainder when 1220 is divided by 88?
76
Calculate the remainder when 813 is divided by 22.
21
Calculate the remainder when 75 is divided by 16.
11
Calculate the remainder when 492 is divided by 109.
56
What is the remainder when 38 is divided by 14?
10
What is the remainder when 82 is divided by 6?
4
What is the remainder when 6553 is divided by 160?
153
Calculate the remainder when 366 is divided by 23.
21
What is the remainder when 98 is divided by 52?
46
Calculate the remainder when 112 is divided by 8.
0
What is the remainder when 129 is divided by 29?
13
What is the remainder when 4948 is divided by 110?
108
Calculate the remainder when 347 is divided by 88.
83
Calculate the remainder when 7650 is divided by 1907.
22
What is the remainder when 237 is divided by 49?
41
What is the remainder when 539 is divided by 121?
55
Calculate the remainder when 217 is divided by 56.
49
What is the remainder when 381 is divided by 46?
13
Calculate the remainder when 570 is divided by 140.
10
What is the remainder when 66 is divided by 19?
9
What is the remainder when 257 is divided by 66?
59
Calculate the remainder when 2534 is divided by 39.
38
Calculate the remainder when 1547 is divided by 40.
27
Calculate the remainder when 974 is divided by 272.
158
Calculate the remainder when 5741 is divided by 261.
260
What is the remainder when 969 is divided by 108?
105
What is the remainder when 333 is divided by 296?
37
Calculate the remainder when 45326 is divided by 16.
14
What is the remainder when 303 is divided by 279?
24
Calculate the remainder when 306 is divided by 35.
26
Calculate the remainder when 2024 is divided by 26.
22
What is the remainder when 1021 is divided by 7?
6
Calculate the remainder when 78 is divided by 40.
38
What is the remainder when 541 is divided by 532?
9
What is the remainder when 1515 is divided by 218?
207
Calculate the remainder when 304 is divided by 18.
16
What is the remainder when 480 is divided by 60?
0
What is the remainder when 553 is divided by 20?
13
Calculate the remainder when 137 is divided by 45.
2
What is the remainder when 3190 is divided by 19?
17
What is the remainder when 214 is divided by 51?
10
What is the remainder when 454 is divided by 58?
48
What is the remainder when 263 is divided by 68?
59
What is the remainder when 554 is divided by 190?
174
Calculate the remainder when 65 is divided by 17.
14
Calculate the remainder when 1737 is divided by 175.
162
Calculate the remainder when 245 is divided by 6.
5
What is the remainder when 1215 is divided by 203?
200
Calculate the remainder when 239 is divided by 227.
12
Calculate the remainder when 18379 is divided by 13.
10
What is the remainder when 1642 is divided by 72?
58
What is the remainder when 4345 is divided by 434?
5
What is the remainder when 45 is divided by 22?
1
What is the remainder when 329 is divided by 323?
6
What is the remainder when 3861 is divided by 69?
66
What is the remainder when 2950 is divided by 198?
178
Calculate the remainder when 1237 is divided by 31.
28
What is the remainder when 260 is divided by 134?
126
Calculate the remainder when 932 is divided by 13.
9
What is the remainder when 2456 is divided by 205?
201
Calculate the remainder when 147 is divided by 39.
30
Calculate the remainder when 315 is divided by 78.
3
Calculate the remainder when 1454 is divided by 15.
14
What is the remainder when 423 is divided by 23?
9
What is the remainder when 969 is divided by 81?
78
What is the remainder when 323 is divided by 36?
35
Calculate the remainder when 245 is divided by 41.
40
What is the remainder when 1426 is divided by 42?
40
Calculate the remainder when 10156 is divided by 23.
13
Calculate the remainder when 918 is divided by 132.
126
What is the remainder when 141 is divided by 11?
9
Calculate the remainder when 1340 is divided by 79.
76
What is the remainder when 7363 is divided by 29?
26
What is the remainder when 286 is divided by 2?
0
Calculate the remainder when 3512 is divided by 3505.
7
Calculate the remainder when 3402 is divided by 83.
82
What is the remainder when 1188 is divided by 93?
72
Calculate the remainder when 1424 is divided by 75.
74
What is the remainder when 558 is divided by 175?
33
Calculate the remainder when 3568 is divided by 21.
19
What is the remainder when 621 is divided by 12?
9
What is the remainder when 58 is divided by 31?
27
Calculate the remainder when 77 is divided by 8.
5
Calculate the remainder when 24854 is divided by 67.
64
What is the remainder when 147 is divided by 11?
4
Calculate the remainder when 64 is divided by 41.
23
What is the remainder when 98 is divided by 16?
2
Calculate the remainder when 293 is divided by 60.
53
What is the remainder when 433 is divided by 79?
38
What is the remainder when 402 is divided by 196?
10
What is the remainder when 97 is divided by 43?
11
What is the remainder when 6523 is divided by 61?
57
What is the remainder when 341 is divided by 15?
11
What is the remainder when 1783 is divided by 19?
16
Calculate the remainder when 149 is divided by 50.
49
Calculate the remainder when 1492 is divided by 742.
8
Calculate the remainder when 5344 is divided by 114.
100
Calculate the remainder when 82 is divided by 11.
5
What is the remainder when 188 is divided by 14?
6
Calculate the remainder when 6 is divided by 4.
2
What is the remainder when 1098 is divided by 155?
13
What is the remainder when 633 is divided by 59?
43
What is the remainder when 499 is divided by 7?
2
What is the remainder when 25059 is divided by 140?
139
What is the remainder when 315 is divided by 53?
50
Calculate the remainder when 54 is divided by 19.
16
Calculate the remainder when 138 is divided by 102.
36
What is the remainder when 256 is divided by 33?
25
Calculate the remainder when 1073 is divided by 68.
53
Calculate the remainder when 239 is divided by 81.
77
What is the remainder when 103 is divided by 29?
16
Calculate the remainder when 85 is divided by 19.
9
Calculate the remainder when 10547 is divided by 18.
17
What is the remainder when 690 is divided by 18?
6
What is the remainder when 1129 is divided by 292?
253
Calculate the remainder when 3237 is divided by 60.
57
Calculate the remainder when 1199 is divided by 75.
74
Calculate the remainder when 523 is divided by 316.
207
What is the remainder when 1530 is divided by 301?
25
Calculate the remainder when 517 is divided by 10.
7
What is the remainder when 1114 is divided by 13?
9
What is the remainder when 175 is divided by 32?
15
What is the remainder when 3708 is divided by 53?
51
What is the remainder when 53 is divided by 37?
16
Calculate the remainder when 1042 is divided by 7.
6
Calculate the remainder when 779 is divided by 128.
11
What is the remainder when 6640 is div